 k be ((-17)/(-6))/((-2)/(-12)). Suppose k*f - 12006 = -f. What are the prime factors of f?
23, 29
Let w(m) = -7*m - 20. Let r(n) = -4*n - 11. Let d(v) = 15*v + 44. Let g(t) = -6*d(t) - 22*r(t). Let c be g(-8). List the prime factors of w(c).
2, 11
Suppose 31640 = r - q, -2*r - q - 22900 = -86201. What are the prime factors of r?
3, 7, 11, 137
Let w = 586 - 578. Suppose w*d = 13*d - 1580. List the prime factors of d.
2, 79
Let u = 5380 - 3224. Suppose 7*w + 4*w = u. What are the prime factors of w?
2, 7
Let v be (2/3)/((-1)/(-9)) + -3. Let z be 16/v*(-6)/2 - 0. List the prime factors of (z/1)/(-4) - -155.
3, 53
Let k = 1287 - 918. Let c = -166 + k. What are the prime factors of c?
7, 29
Suppose 23415 = 3*j + 3*d, -5*j = 69*d - 72*d - 39041. What are the prime factors of j?
37, 211
List the prime factors of 56458*(-4)/(-6)*5*39/260.
28229
Let z(r) = r**2 + 8*r - 17. Suppose -2*b - 2 = 16. Let g be z(b). What are the prime factors of (-2 - 553/(-5)) + g/(-20)?
109
Let h be (-10)/50 + 1/5. Suppose -4*j - p = -j - 1288, h = 3*j - 5*p - 1318. What are the prime factors of j?
431
What are the prime factors of ((-27047)/(-129))/(3 - 915/306)?
2, 17, 37
Let k(y) = -20*y + 53. Let b(p) = 1. Let s(i) = -5*b(i) - k(i). Let u(n) = 7*n - 19. Let m(f) = 2*s(f) - 7*u(f). What are the prime factors of m(-8)?
89
Let d(r) = -r**2 - 9*r - 7. Let f be d(-8). Let q be (f + 4/(-20))*5/2. What are the prime factors of q + 0/(-2 - 2)?
2
Suppose 0 = 2*c - 0*c + 4, 72 = -4*t + 2*c. Let s be (-116 - t) + (-3)/(-1). Let w = 157 + s. What are the prime factors of w?
3, 7
Suppose -5*s - 44 = -2*g - 9, -3*s = -3. Suppose 20*o - g = 10*o. Suppose 0 = -b + o*a - 2, -5*b - a + 3*a = -14. List the prime factors of b.
2
Suppose o - 4*o + x = 21, -5*o = -x + 37. Let g(r) = -r**3 - 3*r**2 - 11*r - 20. What are the prime factors of g(o)?
2, 97
Let c(x) = 2*x**3 + 27. Let q be c(0). Let p = q - -432. List the prime factors of p.
3, 17
What are the prime factors of 1693160/42 - (1 + 15/(-9))?
2, 3, 6719
Let x(y) = -3 + 8 + 7*y - 2. Suppose 3*k - 22 = 1 - 5. What are the prime factors of x(k)?
3, 5
Suppose -4*i + 3*n + 9105 = 0, -16*i - 9115 = -20*i + n. Suppose -4*m = 5*y - i, 5*y - 8*y + 1390 = -2*m. List the prime factors of y.
2, 5, 23
Let c(s) be the second derivative of 33*s**3/2 - 83*s**2/2 + 142*s. What are the prime factors of c(7)?
2, 5, 61
Suppose 2*q + 2*l - 110118 = 0, -19871 = 5*q + 4*l - 295168. What are the prime factors of q?
55061
Let m = 6985 + -5020. List the prime factors of m.
3, 5, 131
Suppose -5*r - 46051 + 179 = -k, 137496 = 3*k + 9*r. What are the prime factors of k?
19, 127
Let h(o) = 3*o**2 - 16 - 13 + 17 - 18*o. What are the prime factors of h(13)?
3, 29
Let o(b) = 20778 - 20991 - 5*b - b. What are the prime factors of o(-40)?
3
Let g = 45 - 27. Let o be (-12)/g*(-3)/2 - -2. Suppose 0 = 4*b - o*i - 562, 6 = i + 2*i. List the prime factors of b.
2, 71
Let y(s) = 9*s + 370. List the prime factors of y(47).
13, 61
Let v(l) = 336*l**2 + 3*l - 2. Let r = -32 + 33. What are the prime factors of v(r)?
337
Let c = -9203 + 13620. List the prime factors of c.
7, 631
Let j(r) = -2*r**3 - 90*r**2 + 74*r + 372. Let s be j(-46). Let p be 0/(-1) - 3*-1. What are the prime factors of (-3)/p + s/6?
199
Suppose 0 = 2*v + 3*o + 11, 5*o + 35 = 7*v - 2*v. Suppose -5*z = -2*g + 1133, -v + 3 = -z. What are the prime factors of g?
2, 3, 47
Let z(k) = 1739*k + 12893. What are the prime factors of z(-7)?
2, 3, 5
Let l = 72953 + -17722. List the prime factors of l.
11, 5021
Suppose 2*m + 1 - 5 = 0. Let s be (-8)/3*(-9)/m. Suppose 5*q - 4*q - s = 0. List the prime factors of q.
2, 3
Let s = 448 - 384. List the prime factors of (182/(-8))/((-4)/s).
2, 7, 13
Suppose -4*d + 4*u + 6892 = 0, -5*d + 4*d = 3*u - 1739. List the prime factors of d.
11, 157
Suppose -10 = -4*z - 2, 3*z - 4 = w. Let b(q) = -19*q**2 + 4*q - 1. Let j(g) = 38*g**2 - 7*g + 2. Let d(o) = 7*b(o) + 4*j(o). List the prime factors of d(w).
7, 11
Let w(m) = 8*m + 93. Let v be w(-11). Suppose 3*l = h + 490, -3*l - 325 = -v*l - h. List the prime factors of l.
163
Let h(p) = -3*p**2 + 161*p + 50. Let o(v) = -v**2 + 54*v + 16. Let a(c) = 3*h(c) - 8*o(c). List the prime factors of a(22).
2, 3, 5, 11
Let k = -16276 - -21919. What are the prime factors of k?
3, 11, 19
Suppose -5*g = -7*i - 163182, 25*g - 24*g = 5*i + 32622. What are the prime factors of g?
2, 19, 859
Let g = -79581 - -134993. List the prime factors of g.
2, 7, 1979
Let y(i) = i**2 + 20*i + 1. Let t be y(-21). Suppose 1490 = -t*g + 27*g. What are the prime factors of g?
2, 149
Suppose -4*v + 226594 = -2*z, 68*z + 56644 = v + 67*z. List the prime factors of v.
181, 313
Suppose 4*x + 5*j = 1607, 2*x - 6*j + 5*j - 793 = 0. Suppose 5*i = x + 257. Let t = i - 47. What are the prime factors of t?
2, 3, 7
Let q = -12005 + 23007. List the prime factors of q.
2, 5501
Suppose 0 = -4*n - 12*o + 14*o + 14, -4*n - 3*o = -29. Suppose 554 = n*z - 4*z. What are the prime factors of z?
2, 277
Let b(u) = 2 + 35*u - 19*u - 19*u. Let x be b(-1). Suppose -143 = -4*o + 5*j, -o + 111 = 2*o - x*j. What are the prime factors of o?
2
Let l be (-54984)/(-88) - (-6)/33. Let p = 4 - 4. Suppose 2*f + 4*a - 268 = p, 5*f - 33 - l = -4*a. List the prime factors of f.
2, 5, 13
Suppose -22*p - 1523 = 1403. Let m = 401 + p. What are the prime factors of m?
2, 67
Let p(g) = -73*g - 576. Let v be p(-8). Let c(s) = 2*s - s + 1 + 7*s + 11. What are the prime factors of c(v)?
2, 19
Let h(y) = 2454*y - 2642. What are the prime factors of h(17)?
2, 9769
Let r = 37144 + 33. What are the prime factors of r?
7, 47, 113
Let g = -46 - -54. Let t be g + -23 - 0/(-2). What are the prime factors of 882/15 + (-3)/t?
59
Let x = 30 + -30. Let f = 2 - x. Suppose 8*z = 3*z, -f*z = 5*l - 330. What are the prime factors of l?
2, 3, 11
Suppose -4*v + 3*g = -16667, -g + 1058 = -6*v + 26055. List the prime factors of v.
2, 2083
Let m = 9409 - 9407. Let p = -78 - -138. Let z = p + m. What are the prime factors of z?
2, 31
Suppose -107806 - 56536 = -24*l + 200362. List the prime factors of l.
2, 29, 131
Let j = 78 + -73. Suppose 0*b - 2*b - 148 = -4*c, -j*b = -3*c + 356. Let i = b + 192. What are the prime factors of i?
2, 61
Let n be 18/5 + 26/65. Suppose -4*r - 4*u = -4, -2*r + n*u + 7 = -13. Suppose k + 308 = r*g, -5*g - 4*k = -6*g + 77. What are the prime factors of g?
7, 11
Let i(u) = u**2 - u - 15. Let n be i(-3). List the prime factors of (n + 2)*-101*(1 + 10).
11, 101
Let t(c) = 6*c**2 + 351*c - 174. List the prime factors of t(23).
3, 3691
Let o = 26313 - 11961. List the prime factors of o.
2, 3, 13, 23
Let a(p) = -p**2 + 5*p - 2. Let k be a(3). Let m be (3 + 28/(-12))*30/k. Suppose 168 = -2*q + m*q. What are the prime factors of q?
2, 7
Let a be -29 - 3*(4 - 3 - 0). Let z = a - -182. What are the prime factors of z?
2, 3, 5
Suppose 2*m + 5*f = 2517, 0 = 3*m - 4*f + 1495 - 5236. Let q = -837 + m. List the prime factors of q.
2, 3, 23
Let h(o) = 21*o**2 - 5*o - 90. Let l be h(12). Suppose -6*u + 5*u + 1726 = 3*c, 5*c = u + l. What are the prime factors of c?
5, 23
Let o(f) = -40*f + 2844. List the prime factors of o(-16).
2, 13, 67
Let f be 88/14 + (20/28 - 1). Let j be f/(-3) - (2 - 3). Let m(z) = 139*z**2 + 2*z + 1. What are the prime factors of m(j)?
2, 3, 23
Let w = 410 + -258. Let a = w - -225. List the prime factors of a.
13, 29
Let o = -93 - -137. What are the prime factors of (o/3)/(7 - 3443/495)?
2, 3, 5, 11
Let g be (-14)/42 - 30073/(-3). Suppose -13*t - 15*t = -g. List the prime factors of t.
2, 179
Let q(w) = -33*w + 61*w + 5 + 7*w**2 - 34*w. Let c be -1 + -1 + -1 + 7. What are the prime factors of q(c)?
3, 31
Suppose -18031 = -3*o + 2*r - 166, 0 = o - 3*r - 5962. What are the prime factors of (8/44)/(-1) - o/(-11)?
541
Let t(v) = -v + 1. Let g(z) = -142*z - 12. Let x(d) = -g(d) + 5*t(d). What are the prime factors of x(2)?
3, 97
Suppose -647*r - 821800 = -682*r. What are the prime factors of r?
2, 5, 587
Let u(p) = 3*p**2 - 10*p - 9. Let m be u(-21). Suppose o - 312 = 5*r - m, -o - 486 = -2*r. What are the prime factors of r?
2, 11
Suppose 80*l - 93*l + 3231815 = 304*l. What are the prime factors of l?
5, 2039
Let g be 8/10 + 17864/145. Let i = g - -165. What are the prime factors of i?
17
Let o(b) 